 + 11 = -3*l, -5*l = -3*m + m + 21. Let b = 6 + m. What is the highest common divisor of 42 and b?
14
Let m(x) = -x**3 + 3*x**2 + 7*x - 2. Let o be m(4). Suppose -28 = -12*k + o*k. What is the greatest common divisor of k and 112?
14
Let d be (-84)/9 - 2/3. Let m be -1 - d - 16/4. Calculate the greatest common factor of 15 and m.
5
Suppose t - h = -15, h = 3*t - 1 + 38. Let b be (-220)/t*(-1)/(-1). Calculate the highest common factor of 8 and b.
4
Let d be (138 - 1)/((-7)/(-61 + -2)). Calculate the greatest common divisor of d and 9.
9
Let n = 179 + -131. What is the highest common factor of n and 9?
3
Let z(i) = -i**3 - 9*i**2 - 2*i + 10. Let b be z(-8). Let q = b + 17. Let j = q + 45. What is the greatest common divisor of 168 and j?
24
Let h be 1 + 8 + 1*-1. Let o = -45 + 46. Calculate the highest common divisor of h and o.
1
Let p = -26 - -18. Let v be -1*(-12)/p*-2. Suppose -2*q + v*q = 49. What is the highest common factor of q and 7?
7
Suppose -3*q + 16 = 10. Suppose a = -5*k + 8, -q*a + 2 = -6*k + 2*k. Let g be -2 + (-51)/(-3) + k. Calculate the highest common factor of g and 2.
2
Suppose -2*l = 2*y - 16, 19*l - 17*l = 5*y + 30. Calculate the highest common factor of 330 and l.
10
Suppose -4*v - 283 = -4*m + v, 0 = m - 3*v - 69. Let g be 1*(1 - (-5 - 2)). Calculate the highest common divisor of g and m.
8
Let c(b) = -2*b**2 + 28*b - 39. Let f be c(12). What is the greatest common factor of f and 3?
3
Let r = -340 + 405. Calculate the greatest common factor of 65 and r.
65
Let f be (-117)/(-12) - (-1)/4. Let z(y) = 3*y - 20. Let w be z(f). Suppose w*j - 15 = 7*j. Calculate the greatest common divisor of 50 and j.
5
Let b(a) = -9*a - 4. Let h be b(-2). Let p be 11 + 0 + (0 - 3). Let y be (-6)/(-9)*84/p. Calculate the greatest common factor of h and y.
7
Let c(z) = -3*z**3 - z**2 - z - 1. Let f be c(-1). Let a(v) = -2*v - f*v + v**2 - 3*v + 9 + 5*v. Let w be a(9). What is the greatest common factor of w and 24?
24
Suppose 3*d - 5*z - 76 = 0, -7*d + 4*z + 88 = -3*d. Let k(i) = -32*i + 2. Let a be k(-1). What is the highest common factor of a and d?
17
Let n(m) = -3*m. Let d be n(-2). Let h(p) = 7*p - 13 - 12*p + 3. Let w be h(-5). Calculate the greatest common divisor of w and d.
3
Let v = -1264 - -1336. Calculate the greatest common divisor of 1368 and v.
72
Let a(c) = 2 - 5 + 33*c**2 + 1 - c - 23*c**2. Let q be a(2). Calculate the greatest common factor of q and 9.
9
Let p(n) = -3*n**3 - 14*n**2 + 20*n + 36. Let y be p(-6). Let x(u) = -u**2 + 2*u. Let a be x(5). Let o = 30 + a. Calculate the highest common factor of y and o.
15
Let g be 0 + 47 - -1*(-2 + 3). Calculate the highest common factor of g and 720.
48
Let j be 4 + (-5 - -3)/2. Suppose -k - j*k = -128. Let f be 248/k - 2/(-8). Calculate the highest common divisor of f and 2.
2
Let i(v) = 2*v - 22. Let w = -24 + 40. Let g be i(w). Calculate the greatest common divisor of 4 and g.
2
Let v(u) = -u**2 - 16*u - 4. Let o be v(-15). Let x(n) = n**3 - 11*n**2 + n - 5. Let k be x(o). Calculate the greatest common factor of k and 2.
2
Suppose -3*r - 3*r + 108 = 0. Suppose -3*n + 119 = 38. Calculate the greatest common divisor of n and r.
9
Let i be 22 - (0 - 4)/(-2). Suppose -39 = -6*j + 9. Calculate the greatest common factor of i and j.
4
Let m = 24829 - 24814. Suppose -165 = -j - 2*j. What is the highest common factor of j and m?
5
Suppose 8 = -2*t, 5*s + 3*t - 2 = 51. Let m(h) = h**3 - h**2 - 3*h + 4. Let v be m(3). Calculate the highest common factor of s and v.
13
Suppose 0 = -7*g - 1445 - 1390. Let u be (1 - 2)/(9/g). What is the greatest common divisor of 5 and u?
5
Suppose d + 2*q = 64, 5*d + 2*q = -q + 306. Calculate the highest common divisor of d and 70.
10
Let w(q) = 2*q**2 + 14*q + 37. Let c be w(-17). What is the greatest common divisor of 13 and c?
13
Let z be 38/(-3)*(-6 - 72/(-16)). Calculate the highest common divisor of 209 and z.
19
Suppose 18 = 3*j + o + 2*o, -4*o = -2*j - 18. Suppose -2*w = -j - 29. Let d(u) = u + 12. Let m be d(-6). What is the greatest common factor of m and w?
3
Let u = -914 - -1283. What is the greatest common divisor of u and 9?
9
Let k(g) = g**2 - 9*g - 14. Let l be k(11). Let x be ((-12)/5*(-70)/(-3))/(-1). Calculate the greatest common divisor of l and x.
8
Let w = 43 + -20. Suppose 147*g = 73*g + 80*g - 552. What is the greatest common factor of w and g?
23
Suppose 5*d - 115 = 125. Calculate the highest common divisor of d and 32.
16
Let g(j) = -j - 3. Let i be g(-6). Let m = 1246 - 1244. Calculate the highest common divisor of i and m.
1
Suppose 0 = 3*b - 3*b + 7*b. Suppose 2*s - 6*o + o - 30 = b, -4*s + 80 = -5*o. Calculate the greatest common factor of 5 and s.
5
Suppose 5 + 31 = 3*c. Let j be 3/(-2)*24/(-9). Calculate the highest common divisor of c and j.
4
Let p be ((3 - 0) + -2)*13. Let l(u) = -u**3 + 3*u**2 - u + 130. Let m be l(0). What is the highest common factor of m and p?
13
Let k(a) = -4*a - 50. Let g be k(-29). Calculate the greatest common factor of 6 and g.
6
Suppose -4*z - 45 = 5*z. Let x(s) = -s**2 - 5*s + 5. Let r be x(z). Calculate the greatest common factor of r and 1.
1
Let b be 3 + -3 + -2 + 1 + 5. Suppose 3*c - 762 = 3*z, -2*z - 833 = -b*c + 185. Calculate the highest common divisor of c and 15.
15
Let s(x) = x + 22. Let k be s(-20). Suppose -4*j = -3*d + 110, k*d - 4 = 2*j + 70. Calculate the greatest common factor of 304 and d.
38
Let f be 3/(-2)*-10 - 0. Suppose -57 = -3*u + f. What is the greatest common factor of 264 and u?
24
Suppose -2*y + 4 = -40. Let x be y/(-99) + 76/18. Calculate the highest common factor of 16 and x.
4
Suppose 2*n = -3*n - 5*b + 4475, b = 2*n - 1775. Calculate the highest common factor of 10 and n.
10
Let k(w) = -w**2 - 29*w + 69. Let m be k(-30). Calculate the highest common factor of m and 15.
3
Let n(d) = d**2 + 11*d + 11. Let i be n(-11). Suppose 5*q + 24 = i*q. Calculate the greatest common factor of q and 6.
2
Let u be 3/12*-6*-60. Let j be 215/3 + (-8)/(-24). Suppose -j = -l - l. Calculate the highest common divisor of l and u.
18
Suppose 0 = -2*x - 4*b + 74, 142 = 2*x - b + 43. Calculate the highest common factor of 94 and x.
47
Let l(x) = -x + 2. Let h be l(-3). Let j be (-20)/(-4)*(-2322)/h. Let g be j/(-15) + 28/(-35). What is the greatest common factor of 14 and g?
14
Suppose -4*h = 4*y - 64, -3*y + 0*y = -h + 4. Let t = 14 - h. Let d be (-6)/1*4/(-6). Calculate the greatest common factor of d and t.
1
Let g be (-2)/8 + -359*(-5)/(-20). Let u be (g/(-3))/(2 + 0). Calculate the greatest common divisor of 135 and u.
15
Suppose -1 - 8 = 9*l. Let r be -4*(-6)/1*l/(-1). What is the highest common divisor of 96 and r?
24
Suppose -s - s + 18 = 5*y, -3*s + 14 = y. Let j(o) = -o**3 + 4*o**2 + 3*o - 1. Let r be j(s). What is the highest common divisor of 99 and r?
11
Let c(i) = i - 10. Let d be c(5). Let k be (-4)/10 + (-47)/d. Let w(u) = -10*u - 15. Let y be w(-6). Calculate the highest common factor of y and k.
9
Let h be 5/(-25) - (-1336)/5. Let n = h - 143. What is the highest common factor of n and 31?
31
Let b(d) = 2*d**3 - 3*d**2. Let r be b(2). Let a be ((-1480)/(-15))/(r/6). Calculate the highest common factor of a and 37.
37
Suppose -3*s + 8*s + 5*x - 120 = 0, -3*s - 4*x = -72. Calculate the greatest common divisor of 384 and s.
24
Let g = 1023 + 225. What is the greatest common divisor of g and 39?
39
Suppose 18*i - 102 + 12 = 0. Suppose -74 - 1 = -i*g. What is the greatest common factor of g and 60?
15
Let v = -451 - -568. What is the greatest common factor of 156 and v?
39
Let x = 2 - 1. Suppose -4 = t - 9. Suppose 18 = -3*c + t*c. Calculate the highest common factor of x and c.
1
Suppose 1 = 3*v - 2. Let g(d) be the third derivative of 49*d**5/60 - d**4/24 - 5*d**2. Let b be g(v). What is the highest common factor of 12 and b?
12
Suppose l - 32 = -12. Let z = -125 - -37. Let s = z - -96. What is the highest common factor of s and l?
4
Let s be 60/18 - (-2)/3. Suppose -75 = s*d - 363. Let n be 1*2/(-2) + 9. What is the highest common divisor of n and d?
8
Let u be (-2 - 9)*(-13 + 11). What is the highest common factor of u and 4?
2
Suppose -4*u + 5*u - 1 = 0. Let k be (1 - -115) + u + 0. What is the greatest common factor of 13 and k?
13
Suppose 634 = -3*s + 5*n + 201